{"id":540,"date":"2017-11-02T13:54:15","date_gmt":"2017-11-02T15:54:15","guid":{"rendered":"http:\/\/escovadordebit.web6203.kinghost.net\/?page_id=2"},"modified":"2017-11-02T13:54:15","modified_gmt":"2017-11-02T15:54:15","slug":"sobre","status":"publish","type":"page","link":"https:\/\/escovadordebit.com.br\/?page_id=540","title":{"rendered":"Sobre"},"content":{"rendered":"<p><img loading=\"lazy\" decoding=\"async\" class=\"size-full wp-image-348 alignleft\" src=\"http:\/\/escovadordebit.com.br\/wp-content\/uploads\/2017\/11\/cropped-cropped-escovadordebit-2.png\" alt=\"\" width=\"99\" height=\"75\" \/>O Escovador de Bit \u00e9 um blog que comecei no blogspot com seu primeiro post em agosto de 2008. Na \u00e9poca trabalhava em uma empresa p\u00fablica e ajudava muita gente a resolver alguns problemas em sistemas e instala\u00e7\u00e3o de computadores Windows e Linux, por isso criei o blog para deixar documentado. Mas agora resolvi reviver este blog, migrei de servidor e vou continuar a escrever todos os tipos de curiosidades tecnol\u00f3gicas e desafios de programa\u00e7\u00e3o que o dia a dia proporciona.<\/p>\n<p>E vamos que vamos, escovar os bits!<\/p>\n<p>Abra\u00e7os galera.<\/p>\n","protected":false},"excerpt":{"rendered":"<p>O Escovador de Bit \u00e9 um blog que comecei no blogspot com seu primeiro post em agosto de 2008. Na \u00e9poca trabalhava em uma empresa p\u00fablica e ajudava muita gente a resolver alguns problemas em sistemas e instala\u00e7\u00e3o de computadores Windows e Linux, por isso criei o blog para deixar documentado. Mas agora resolvi reviver [&hellip;]<\/p>\n","protected":false},"author":2,"featured_media":0,"parent":0,"menu_order":2,"comment_status":"closed","ping_status":"open","template":"","meta":{"footnotes":""},"class_list":["post-540","page","type-page","status-publish","hentry"],"blocksy_meta":{"styles_descriptor":{"styles":{"desktop":"","tablet":"","mobile":""},"google_fonts":[],"version":6}},"yoast_head":"<!-- This site is optimized with the Yoast SEO plugin v25.8 - https:\/\/yoast.com\/wordpress\/plugins\/seo\/ -->\n<title>Sobre - Escovador de Bit<\/title>\n<meta name=\"robots\" content=\"index, follow, max-snippet:-1, max-image-preview:large, max-video-preview:-1\" \/>\n<link rel=\"canonical\" href=\"https:\/\/escovadordebit.com.br\/?page_id=540\" \/>\n<meta property=\"og:locale\" content=\"pt_BR\" \/>\n<meta property=\"og:type\" content=\"article\" \/>\n<meta property=\"og:title\" content=\"Sobre - Escovador de Bit\" \/>\n<meta property=\"og:description\" content=\"O Escovador de Bit \u00e9 um blog que comecei no blogspot com seu primeiro post em agosto de 2008. Na \u00e9poca trabalhava em uma empresa p\u00fablica e ajudava muita gente a resolver alguns problemas em sistemas e instala\u00e7\u00e3o de computadores Windows e Linux, por isso criei o blog para deixar documentado. Mas agora resolvi reviver [&hellip;]\" \/>\n<meta property=\"og:url\" content=\"https:\/\/escovadordebit.com.br\/?page_id=540\" \/>\n<meta property=\"og:site_name\" content=\"Escovador de Bit\" \/>\n<meta property=\"og:image\" content=\"https:\/\/escovadordebit.com.br\/wp-content\/uploads\/2017\/11\/cropped-cropped-escovadordebit-2.png\" \/>\n\t<meta property=\"og:image:width\" content=\"99\" \/>\n\t<meta property=\"og:image:height\" content=\"75\" \/>\n\t<meta property=\"og:image:type\" content=\"image\/png\" \/>\n<meta name=\"twitter:card\" content=\"summary_large_image\" \/>\n<script type=\"application\/ld+json\" class=\"yoast-schema-graph\">{\"@context\":\"https:\/\/schema.org\",\"@graph\":[{\"@type\":\"WebPage\",\"@id\":\"https:\/\/escovadordebit.com.br\/?page_id=540\",\"url\":\"https:\/\/escovadordebit.com.br\/?page_id=540\",\"name\":\"Sobre - Escovador de Bit\",\"isPartOf\":{\"@id\":\"https:\/\/escovadordebit.com.br\/#website\"},\"primaryImageOfPage\":{\"@id\":\"https:\/\/escovadordebit.com.br\/?page_id=540#primaryimage\"},\"image\":{\"@id\":\"https:\/\/escovadordebit.com.br\/?page_id=540#primaryimage\"},\"thumbnailUrl\":\"http:\/\/escovadordebit.com.br\/wp-content\/uploads\/2017\/11\/cropped-cropped-escovadordebit-2.png\",\"datePublished\":\"2017-11-02T15:54:15+00:00\",\"breadcrumb\":{\"@id\":\"https:\/\/escovadordebit.com.br\/?page_id=540#breadcrumb\"},\"inLanguage\":\"pt-BR\",\"potentialAction\":[{\"@type\":\"ReadAction\",\"target\":[\"https:\/\/escovadordebit.com.br\/?page_id=540\"]}]},{\"@type\":\"ImageObject\",\"inLanguage\":\"pt-BR\",\"@id\":\"https:\/\/escovadordebit.com.br\/?page_id=540#primaryimage\",\"url\":\"https:\/\/escovadordebit.com.br\/wp-content\/uploads\/2017\/11\/cropped-cropped-escovadordebit-2.png\",\"contentUrl\":\"https:\/\/escovadordebit.com.br\/wp-content\/uploads\/2017\/11\/cropped-cropped-escovadordebit-2.png\",\"width\":99,\"height\":75},{\"@type\":\"BreadcrumbList\",\"@id\":\"https:\/\/escovadordebit.com.br\/?page_id=540#breadcrumb\",\"itemListElement\":[{\"@type\":\"ListItem\",\"position\":1,\"name\":\"In\u00edcio\",\"item\":\"https:\/\/escovadordebit.com.br\/\"},{\"@type\":\"ListItem\",\"position\":2,\"name\":\"Sobre\"}]},{\"@type\":\"WebSite\",\"@id\":\"https:\/\/escovadordebit.com.br\/#website\",\"url\":\"https:\/\/escovadordebit.com.br\/\",\"name\":\"Escovador de Bit\",\"description\":\"Escove escove at\u00e9 achar o problema\",\"publisher\":{\"@id\":\"https:\/\/escovadordebit.com.br\/#organization\"},\"potentialAction\":[{\"@type\":\"SearchAction\",\"target\":{\"@type\":\"EntryPoint\",\"urlTemplate\":\"https:\/\/escovadordebit.com.br\/?s={search_term_string}\"},\"query-input\":{\"@type\":\"PropertyValueSpecification\",\"valueRequired\":true,\"valueName\":\"search_term_string\"}}],\"inLanguage\":\"pt-BR\"},{\"@type\":\"Organization\",\"@id\":\"https:\/\/escovadordebit.com.br\/#organization\",\"name\":\"Escovador de Bit\",\"url\":\"https:\/\/escovadordebit.com.br\/\",\"logo\":{\"@type\":\"ImageObject\",\"inLanguage\":\"pt-BR\",\"@id\":\"https:\/\/escovadordebit.com.br\/#\/schema\/logo\/image\/\",\"url\":\"https:\/\/escovadordebit.com.br\/wp-content\/uploads\/2017\/11\/cropped-cropped-escovadordebit-2.png\",\"contentUrl\":\"https:\/\/escovadordebit.com.br\/wp-content\/uploads\/2017\/11\/cropped-cropped-escovadordebit-2.png\",\"width\":99,\"height\":75,\"caption\":\"Escovador de Bit\"},\"image\":{\"@id\":\"https:\/\/escovadordebit.com.br\/#\/schema\/logo\/image\/\"}}]}<\/script>\n<!-- \/ Yoast SEO plugin. -->","yoast_head_json":{"title":"Sobre - Escovador de Bit","robots":{"index":"index","follow":"follow","max-snippet":"max-snippet:-1","max-image-preview":"max-image-preview:large","max-video-preview":"max-video-preview:-1"},"canonical":"https:\/\/escovadordebit.com.br\/?page_id=540","og_locale":"pt_BR","og_type":"article","og_title":"Sobre - Escovador de Bit","og_description":"O Escovador de Bit \u00e9 um blog que comecei no blogspot com seu primeiro post em agosto de 2008. Na \u00e9poca trabalhava em uma empresa p\u00fablica e ajudava muita gente a resolver alguns problemas em sistemas e instala\u00e7\u00e3o de computadores Windows e Linux, por isso criei o blog para deixar documentado. Mas agora resolvi reviver [&hellip;]","og_url":"https:\/\/escovadordebit.com.br\/?page_id=540","og_site_name":"Escovador de Bit","og_image":[{"width":99,"height":75,"url":"https:\/\/escovadordebit.com.br\/wp-content\/uploads\/2017\/11\/cropped-cropped-escovadordebit-2.png","type":"image\/png"}],"twitter_card":"summary_large_image","schema":{"@context":"https:\/\/schema.org","@graph":[{"@type":"WebPage","@id":"https:\/\/escovadordebit.com.br\/?page_id=540","url":"https:\/\/escovadordebit.com.br\/?page_id=540","name":"Sobre - Escovador de Bit","isPartOf":{"@id":"https:\/\/escovadordebit.com.br\/#website"},"primaryImageOfPage":{"@id":"https:\/\/escovadordebit.com.br\/?page_id=540#primaryimage"},"image":{"@id":"https:\/\/escovadordebit.com.br\/?page_id=540#primaryimage"},"thumbnailUrl":"http:\/\/escovadordebit.com.br\/wp-content\/uploads\/2017\/11\/cropped-cropped-escovadordebit-2.png","datePublished":"2017-11-02T15:54:15+00:00","breadcrumb":{"@id":"https:\/\/escovadordebit.com.br\/?page_id=540#breadcrumb"},"inLanguage":"pt-BR","potentialAction":[{"@type":"ReadAction","target":["https:\/\/escovadordebit.com.br\/?page_id=540"]}]},{"@type":"ImageObject","inLanguage":"pt-BR","@id":"https:\/\/escovadordebit.com.br\/?page_id=540#primaryimage","url":"https:\/\/escovadordebit.com.br\/wp-content\/uploads\/2017\/11\/cropped-cropped-escovadordebit-2.png","contentUrl":"https:\/\/escovadordebit.com.br\/wp-content\/uploads\/2017\/11\/cropped-cropped-escovadordebit-2.png","width":99,"height":75},{"@type":"BreadcrumbList","@id":"https:\/\/escovadordebit.com.br\/?page_id=540#breadcrumb","itemListElement":[{"@type":"ListItem","position":1,"name":"In\u00edcio","item":"https:\/\/escovadordebit.com.br\/"},{"@type":"ListItem","position":2,"name":"Sobre"}]},{"@type":"WebSite","@id":"https:\/\/escovadordebit.com.br\/#website","url":"https:\/\/escovadordebit.com.br\/","name":"Escovador de Bit","description":"Escove escove at\u00e9 achar o problema","publisher":{"@id":"https:\/\/escovadordebit.com.br\/#organization"},"potentialAction":[{"@type":"SearchAction","target":{"@type":"EntryPoint","urlTemplate":"https:\/\/escovadordebit.com.br\/?s={search_term_string}"},"query-input":{"@type":"PropertyValueSpecification","valueRequired":true,"valueName":"search_term_string"}}],"inLanguage":"pt-BR"},{"@type":"Organization","@id":"https:\/\/escovadordebit.com.br\/#organization","name":"Escovador de Bit","url":"https:\/\/escovadordebit.com.br\/","logo":{"@type":"ImageObject","inLanguage":"pt-BR","@id":"https:\/\/escovadordebit.com.br\/#\/schema\/logo\/image\/","url":"https:\/\/escovadordebit.com.br\/wp-content\/uploads\/2017\/11\/cropped-cropped-escovadordebit-2.png","contentUrl":"https:\/\/escovadordebit.com.br\/wp-content\/uploads\/2017\/11\/cropped-cropped-escovadordebit-2.png","width":99,"height":75,"caption":"Escovador de Bit"},"image":{"@id":"https:\/\/escovadordebit.com.br\/#\/schema\/logo\/image\/"}}]}},"_links":{"self":[{"href":"https:\/\/escovadordebit.com.br\/index.php?rest_route=\/wp\/v2\/pages\/540","targetHints":{"allow":["GET"]}}],"collection":[{"href":"https:\/\/escovadordebit.com.br\/index.php?rest_route=\/wp\/v2\/pages"}],"about":[{"href":"https:\/\/escovadordebit.com.br\/index.php?rest_route=\/wp\/v2\/types\/page"}],"author":[{"embeddable":true,"href":"https:\/\/escovadordebit.com.br\/index.php?rest_route=\/wp\/v2\/users\/2"}],"replies":[{"embeddable":true,"href":"https:\/\/escovadordebit.com.br\/index.php?rest_route=%2Fwp%2Fv2%2Fcomments&post=540"}],"version-history":[{"count":0,"href":"https:\/\/escovadordebit.com.br\/index.php?rest_route=\/wp\/v2\/pages\/540\/revisions"}],"wp:attachment":[{"href":"https:\/\/escovadordebit.com.br\/index.php?rest_route=%2Fwp%2Fv2%2Fmedia&parent=540"}],"curies":[{"name":"wp","href":"https:\/\/api.w.org\/{rel}","templated":true}]}}